{"id":79741,"date":"2026-01-13T11:02:26","date_gmt":"2026-01-13T10:02:26","guid":{"rendered":""},"modified":"2026-04-27T11:25:39","modified_gmt":"2026-04-27T09:25:39","slug":"ogorki-warzywa-sezonowe","status":"publish","type":"ogloszenie","link":"https:\/\/polskiebazarek.pl\/en\/ogloszenie\/ogorki-warzywa-sezonowe\/","title":{"rendered":"Og\u00f3rki &#8211; warzywa sezonowe"},"content":{"rendered":"<p>Dane \u017ar\u00f3d\u0142owe:<br \/>\nGospodarstwo sadowniczo ogrodnicze K.J. Czepiel<br \/>\nKatarzyna Czepiel<\/p>\n<p>Warzywa sezonowe: og\u00f3rki.<\/p>\n","protected":false},"author":3614,"featured_media":79727,"menu_order":0,"template":"","cechy":[88,87],"gmina":[],"kategorie-ogloszenia":[6071],"powiat":[],"wojewodztwo":[72],"class_list":["post-79741","ogloszenie","type-ogloszenie","status-publish","has-post-thumbnail","hentry","cecha-ogloszenia-do_uzgodnienia","cecha-ogloszenia-odbior_osobisty","kategoria-ogloszenia-warzywa","wojewodztwo-malopolskie"],"acf":{"kategoria_ogloszenia":6071,"waznosc_ogloszenia":"","koszt":{"cena":0,"jednostka_sprzedazy":"kg"},"cechy":[88,87],"certyfikat":{"jednostka_certyfikujaca":"","numer_certyfikatu":""},"galeria":"","ulica":"Bysina","numer_domu_lokalu":"272","miasto":"Bysina","kod_pocztowy":"32-400","email_kontaktowy":"","telefon_kontaktowy":"665210507","mapa":{"lat":49.8238091,"lng":19.8742676,"zoom":6,"markers":[{"label":"Bysina, wojew\u00f3dztwo ma\u0142opolskie Polska","default_label":"Bysina, wojew\u00f3dztwo ma\u0142opolskie Polska","lat":49.8278203,"lng":19.8934693,"geocode":[],"addressData":{"village":"Bysina","municipality":"gmina My\u015blenice","county":"powiat my\u015blenicki","state":"wojew\u00f3dztwo ma\u0142opolskie","ISO3166-2-lvl4":"PL-12","country":"Polska","country_code":"pl","building":"","road":"","house_number":"","postcode":"","city":"","town":"","hamlet":""},"uuid":"marker_fjNWi0IOdwZYrLFEjg=="}],"version":"99.0.0","address":"Bysina, wojew\u00f3dztwo ma\u0142opolskie Polska","layers":["OpenStreetMap.Mapnik"]},"latitude":"49.8278203","longitude":"19.8934693","wojewodztwo_hidden":"ma\u0142opolskie","powiat_hidden":"my\u015blenicki","gmina_hidden":"My\u015blenice"},"featured_image_url":"https:\/\/polskiebazarek.pl\/wp-content\/uploads\/2024\/03\/3345.webp","gallery":null,"category_names":["P\u0142ody rolne \/ Warzywa"],"expiration_date":1785043539,"author_meta":{"ID":"3614","user_nicename":"katarzyna59","user_email":"kas.272@poczta.fm","user_registered":"2024-03-21 16:02:36","display_name":"Katarzyna Czepiel","first_name":"Katarzyna","last_name":"Czepiel"},"publishpress_future_action":{"enabled":true,"date":"2026-07-26 07:25:39","action":"change-status","newStatus":"draft","terms":[],"taxonomy":"kategoria-ogloszenia"},"publishpress_future_workflow_manual_trigger":{"enabledWorkflows":[]},"_links":{"self":[{"href":"https:\/\/polskiebazarek.pl\/en\/wp-json\/wp\/v2\/ogloszenia\/79741","targetHints":{"allow":["GET"]}}],"collection":[{"href":"https:\/\/polskiebazarek.pl\/en\/wp-json\/wp\/v2\/ogloszenia"}],"about":[{"href":"https:\/\/polskiebazarek.pl\/en\/wp-json\/wp\/v2\/types\/ogloszenie"}],"author":[{"embeddable":true,"href":"https:\/\/polskiebazarek.pl\/en\/wp-json\/wp\/v2\/users\/3614"}],"version-history":[{"count":4,"href":"https:\/\/polskiebazarek.pl\/en\/wp-json\/wp\/v2\/ogloszenia\/79741\/revisions"}],"predecessor-version":[{"id":172095,"href":"https:\/\/polskiebazarek.pl\/en\/wp-json\/wp\/v2\/ogloszenia\/79741\/revisions\/172095"}],"acf:term":[{"embeddable":true,"taxonomy":"cecha-ogloszenia","href":"https:\/\/polskiebazarek.pl\/en\/wp-json\/wp\/v2\/cechy\/87"},{"embeddable":true,"taxonomy":"cecha-ogloszenia","href":"https:\/\/polskiebazarek.pl\/en\/wp-json\/wp\/v2\/cechy\/88"},{"embeddable":true,"taxonomy":"kategoria-ogloszenia","href":"https:\/\/polskiebazarek.pl\/en\/wp-json\/wp\/v2\/kategorie-ogloszenia\/6071"}],"wp:featuredmedia":[{"embeddable":true,"href":"https:\/\/polskiebazarek.pl\/en\/wp-json\/wp\/v2\/media\/79727"}],"wp:attachment":[{"href":"https:\/\/polskiebazarek.pl\/en\/wp-json\/wp\/v2\/media?parent=79741"}],"wp:term":[{"taxonomy":"cecha-ogloszenia","embeddable":true,"href":"https:\/\/polskiebazarek.pl\/en\/wp-json\/wp\/v2\/cechy?post=79741"},{"taxonomy":"gmina","embeddable":true,"href":"https:\/\/polskiebazarek.pl\/en\/wp-json\/wp\/v2\/gmina?post=79741"},{"taxonomy":"kategoria-ogloszenia","embeddable":true,"href":"https:\/\/polskiebazarek.pl\/en\/wp-json\/wp\/v2\/kategorie-ogloszenia?post=79741"},{"taxonomy":"powiat","embeddable":true,"href":"https:\/\/polskiebazarek.pl\/en\/wp-json\/wp\/v2\/powiat?post=79741"},{"taxonomy":"wojewodztwo","embeddable":true,"href":"https:\/\/polskiebazarek.pl\/en\/wp-json\/wp\/v2\/wojewodztwo?post=79741"}],"curies":[{"name":"wp","href":"https:\/\/api.w.org\/{rel}","templated":true}]}}

Ogórki &#8211; warzywa sezonowe

<p>Dane źródłowe:<br />
Gospodarstwo sadowniczo ogrodnicze K.J. Czepiel<br />
Katarzyna Czepiel</p>
<p>Warzywa sezonowe: ogórki.</p>

Bysina, województwo małopolskie Polska

gmina Myślenice

powiat myślenicki

województwo małopolskie

małopolskie

myślenicki

Myślenice

Płody rolne / Warzywa
